{"id":1146,"date":"2025-02-16T16:52:00","date_gmt":"2025-02-16T16:52:00","guid":{"rendered":"https:\/\/itop.hu\/?page_id=1146"},"modified":"2025-02-17T13:17:18","modified_gmt":"2025-02-17T13:17:18","slug":"d-velop","status":"publish","type":"page","link":"https:\/\/itop.hu\/eng\/d-velop\/","title":{"rendered":"D.velop"},"content":{"rendered":"\n[et_pb_section fb_built=&#8221;1&#8243; admin_label=&#8221;Header&#8221; _builder_version=&#8221;4.22.1&#8243; _module_preset=&#8221;default&#8221; background_color=&#8221;#000000&#8243; da_disable_devices=&#8221;off|off|off&#8221; collapsed=&#8221;on&#8221; global_colors_info=&#8221;{}&#8221; theme_builder_area=&#8221;post_content&#8221; da_is_popup=&#8221;off&#8221; da_exit_intent=&#8221;off&#8221; da_has_close=&#8221;on&#8221; da_alt_close=&#8221;off&#8221; da_dark_close=&#8221;off&#8221; da_not_modal=&#8221;on&#8221; da_is_singular=&#8221;off&#8221; da_with_loader=&#8221;off&#8221; da_has_shadow=&#8221;on&#8221;][et_pb_row column_structure=&#8221;2_3,1_3&#8243; make_equal=&#8221;on&#8221; _builder_version=&#8221;4.22.1&#8243; _module_preset=&#8221;default&#8221; global_colors_info=&#8221;{}&#8221; theme_builder_area=&#8221;post_content&#8221;][et_pb_column type=&#8221;2_3&#8243; _builder_version=&#8221;4.22.1&#8243; _module_preset=&#8221;default&#8221; global_colors_info=&#8221;{}&#8221; theme_builder_area=&#8221;post_content&#8221;][et_pb_text _builder_version=&#8221;4.27.4&#8243; _module_preset=&#8221;43dd899b-591a-470f-9463-b85aac6780e8&#8243; header_4_text_color=&#8221;gcid-afa30cf2-6f5d-4b9c-aa39-7dbe1ac3b7a3&#8243; global_colors_info=&#8221;{%22gcid-afa30cf2-6f5d-4b9c-aa39-7dbe1ac3b7a3%22:%91%22header_4_text_color%22%93}&#8221; theme_builder_area=&#8221;post_content&#8221;]<h4><span style=\"color: #ff6600;\">ITOP.HU<\/span><\/h4>[\/et_pb_text][et_pb_text _builder_version=&#8221;4.27.4&#8243; _module_preset=&#8221;12a96b61-a78c-4e84-b142-ec40d25973ae&#8221; header_text_color=&#8221;#FFFFFF&#8221; hover_enabled=&#8221;0&#8243; global_colors_info=&#8221;{}&#8221; theme_builder_area=&#8221;post_content&#8221; sticky_enabled=&#8221;0&#8243;]<h1>D.VELOP<\/h1>[\/et_pb_text][\/et_pb_column][et_pb_column type=&#8221;1_3&#8243; _builder_version=&#8221;4.22.1&#8243; _module_preset=&#8221;default&#8221; global_colors_info=&#8221;{}&#8221; theme_builder_area=&#8221;post_content&#8221;][et_pb_image src=&#8221;https:\/\/itop.hu\/wp-content\/uploads\/2025\/02\/dveloplogo.webp&#8221; title_text=&#8221;dveloplogo&#8221; align=&#8221;center&#8221; _builder_version=&#8221;4.27.4&#8243; _module_preset=&#8221;default&#8221; animation_style=&#8221;fade&#8221; animation_duration=&#8221;1900ms&#8221; animation_delay=&#8221;1350ms&#8221; hover_enabled=&#8221;0&#8243; box_shadow_style=&#8221;preset2&#8243; box_shadow_color=&#8221;#FFFFFF&#8221; global_colors_info=&#8221;{}&#8221; theme_builder_area=&#8221;post_content&#8221; sticky_enabled=&#8221;0&#8243;][\/et_pb_image][\/et_pb_column][\/et_pb_row][\/et_pb_section][et_pb_section fb_built=&#8221;1&#8243; _builder_version=&#8221;4.27.4&#8243; _module_preset=&#8221;default&#8221; background_color=&#8221;#000000&#8243; da_disable_devices=&#8221;off|off|off&#8221; global_colors_info=&#8221;{}&#8221; theme_builder_area=&#8221;post_content&#8221; da_is_popup=&#8221;off&#8221; da_exit_intent=&#8221;off&#8221; da_has_close=&#8221;on&#8221; da_alt_close=&#8221;off&#8221; da_dark_close=&#8221;off&#8221; da_not_modal=&#8221;on&#8221; da_is_singular=&#8221;off&#8221; da_with_loader=&#8221;off&#8221; da_has_shadow=&#8221;on&#8221;][et_pb_row column_structure=&#8221;1_2,1_2&#8243; _builder_version=&#8221;4.27.4&#8243; _module_preset=&#8221;default&#8221; global_colors_info=&#8221;{}&#8221; theme_builder_area=&#8221;post_content&#8221;][et_pb_column type=&#8221;1_2&#8243; _builder_version=&#8221;4.27.4&#8243; _module_preset=&#8221;default&#8221; global_colors_info=&#8221;{}&#8221; theme_builder_area=&#8221;post_content&#8221;][et_pb_image title_text=&#8221;dvelopmacbook&#8221; _builder_version=&#8221;4.27.4&#8243; _module_preset=&#8221;default&#8221; animation_style=&#8221;bounce&#8221; hover_enabled=&#8221;0&#8243; global_colors_info=&#8221;{}&#8221; theme_builder_area=&#8221;post_content&#8221; sticky_enabled=&#8221;0&#8243;][\/et_pb_image][et_pb_text _builder_version=&#8221;4.27.4&#8243; _module_preset=&#8221;default&#8221; theme_builder_area=&#8221;post_content&#8221; hover_enabled=&#8221;0&#8243; sticky_enabled=&#8221;0&#8243;][\/et_pb_text][et_pb_image src=&#8221;https:\/\/itop.hu\/wp-content\/uploads\/2025\/02\/dvelopmacbook.webp&#8221; title_text=&#8221;dvelopmacbook&#8221; _builder_version=&#8221;4.27.4&#8243; _module_preset=&#8221;default&#8221; animation_style=&#8221;bounce&#8221; hover_enabled=&#8221;0&#8243; global_colors_info=&#8221;{}&#8221; theme_builder_area=&#8221;post_content&#8221; sticky_enabled=&#8221;0&#8243;][\/et_pb_image][\/et_pb_column][et_pb_column type=&#8221;1_2&#8243; _builder_version=&#8221;4.27.4&#8243; _module_preset=&#8221;default&#8221; global_colors_info=&#8221;{}&#8221; theme_builder_area=&#8221;post_content&#8221;][et_pb_text _builder_version=&#8221;4.27.4&#8243; _module_preset=&#8221;default&#8221; text_font_size=&#8221;16px&#8221; hover_enabled=&#8221;0&#8243; global_colors_info=&#8221;{}&#8221; theme_builder_area=&#8221;post_content&#8221; sticky_enabled=&#8221;0&#8243;]<p style=\"text-align: justify;\"><span style=\"color: #ffffff;\">A d.velop egy digit\u00e1lis dokumentumkezel\u0151 rendszer (DMS), ami a v\u00e1llalati digitaliz\u00e1ci\u00f3 els\u0151 \u00e9s legfontosabb l\u00e9p\u00e9se. A DMS lehet\u0151v\u00e9 teszi a dokumentumok \u00e9s inform\u00e1ci\u00f3k intelligens egyszer\u0171s\u00edt\u00e9s\u00e9t \u00e9s gyors kezel\u00e9s\u00e9t.<\/span><\/p>\n<h2 style=\"text-align: justify;\"><span style=\"color: #ffffff;\">A DMS legfontosabb funkci\u00f3i:<\/span><\/h2>\n<p style=\"text-align: justify;\"><span style=\"color: #ffffff;\">\u00a0<\/span><\/p>\n<ul>\n<li style=\"text-align: justify;\"><span style=\"color: #ffffff;\"><strong>Intelligens t\u00e1rol\u00e1s:<\/strong> K\u00f6zponti helyen t\u00e1rolja a dokumentumokat, megsz\u00fcntetve a manu\u00e1lis iktat\u00e1st \u00e9s a rendezetlen f\u00e1jlstrukt\u00far\u00e1kat. A dokumentumok digit\u00e1lis akt\u00e1kba ker\u00fclnek, jellemz\u0151k (pl. \u00fcgyf\u00e9l, alkalmazott, sz\u00e1ll\u00edt\u00f3) alapj\u00e1n csoportos\u00edtva.<\/span><\/li>\n<li style=\"text-align: justify;\"><span style=\"color: #ffffff;\"><strong>Archiv\u00e1l\u00e1s:<\/strong> A dokumentumok digit\u00e1lisan archiv\u00e1lva lesznek, b\u00e1rhonnan el\u00e9rhet\u0151ek a v\u00e1llalat sz\u00e1m\u00e1ra. A DMS megfelel a jogi k\u00f6vetelm\u00e9nyeknek, biztos\u00edtva a dokumentumok s\u00e9rtetlens\u00e9g\u00e9t.<\/span><\/li>\n<li style=\"text-align: justify;\"><span style=\"color: #ffffff;\"><strong>Integr\u00e1ci\u00f3 m\u00e1s rendszerekkel:<\/strong> A DMS integr\u00e1lhat\u00f3 a m\u00e1r haszn\u00e1lt rendszerekkel (pl. Microsoft Office 365), automatiz\u00e1lva a munkafolyamatokat.<\/span><\/li>\n<li style=\"text-align: justify;\"><span style=\"color: #ffffff;\"><strong>Gyors keres\u00e9s:<\/strong> A k\u00f6zponti t\u00e1rol\u00e1s \u00e9s az intelligens keres\u00e9si funkci\u00f3k ler\u00f6vid\u00edtik a dokumentumok keres\u00e9s\u00e9re ford\u00edtott id\u0151t. Az OCR funkci\u00f3 seg\u00edts\u00e9g\u00e9vel a szkennelt dokumentumok sz\u00f6vege is kereshet\u0151v\u00e9 v\u00e1lik.<\/span><\/li>\n<li style=\"text-align: justify;\"><span style=\"color: #ffffff;\"><strong>Folyamatautomatiz\u00e1l\u00e1s:<\/strong> A DMS lehet\u0151v\u00e9 teszi az \u00fczleti folyamatok automatiz\u00e1l\u00e1s\u00e1t, p\u00e9ld\u00e1ul a sz\u00e1ml\u00e1k r\u00f6gz\u00edt\u00e9s\u00e9t \u00e9s ellen\u0151rz\u00e9s\u00e9t.<\/span><\/li>\n<li style=\"text-align: justify;\"><span style=\"color: #ffffff;\"><strong>V\u00e1llalaton bel\u00fcli \u00e9s k\u00edv\u00fcli egy\u00fcttm\u0171k\u00f6d\u00e9s:<\/strong> A dokumentumok megoszthat\u00f3k \u00e9s egyidej\u0171leg szerkeszthet\u0151k a munkat\u00e1rsakkal \u00e9s k\u00fcls\u0151 partnerekkel. A verzi\u00f3k\u00f6vet\u00e9s biztos\u00edtja a dokumentumok naprak\u00e9szs\u00e9g\u00e9t.<\/span><\/li>\n<li style=\"text-align: justify;\"><span style=\"color: #ffffff;\"><strong>DMS az optimaliz\u00e1lt t\u00e1vmunk\u00e1hoz:<\/strong> A felh\u0151alap\u00fa DMS lehet\u0151v\u00e9 teszi a t\u00e1vmunk\u00e1t \u00e9s a mobil hozz\u00e1f\u00e9r\u00e9st a dokumentumokhoz, n\u00f6velve a rugalmass\u00e1got \u00e9s a termel\u00e9kenys\u00e9get.<\/span><\/li>\n<\/ul>[\/et_pb_text][\/et_pb_column][\/et_pb_row][et_pb_row _builder_version=&#8221;4.27.4&#8243; _module_preset=&#8221;default&#8221; theme_builder_area=&#8221;post_content&#8221;][et_pb_column _builder_version=&#8221;4.27.4&#8243; _module_preset=&#8221;default&#8221; type=&#8221;4_4&#8243; theme_builder_area=&#8221;post_content&#8221;][et_pb_text _builder_version=&#8221;4.27.4&#8243; _module_preset=&#8221;default&#8221; theme_builder_area=&#8221;post_content&#8221; text_font_size=&#8221;16px&#8221; text_text_color=&#8221;#FFFFFF&#8221; hover_enabled=&#8221;0&#8243; sticky_enabled=&#8221;0&#8243;]<p class=\"my-0\" style=\"text-align: justify;\">A DMS bevezet\u00e9se nem ig\u00e9nyel felt\u00e9tlen\u00fcl \u00faj hardvereket vagy IT szak\u00e9rt\u0151ket. A DMS a digitaliz\u00e1ci\u00f3 alapja, \u00e9s lehet\u0151v\u00e9 teszi a v\u00e1llalat sz\u00e1m\u00e1ra, hogy hat\u00e9konyabban m\u0171k\u00f6dj\u00f6n, id\u0151t \u00e9s k\u00f6lts\u00e9get takar\u00edtson meg, valamint megfeleljen a jogszab\u00e1lyi k\u00f6vetelm\u00e9nyeknek.<o:p><\/o:p><\/p>\n<p class=\"my-0\" style=\"text-align: justify;\">A d.velop t\u00f6bb mint 14 500 \u00fcgyf\u00e9llel rendelkezik, \u00e9s t\u00f6bb mint 400 partnerrel m\u0171k\u00f6dik egy\u00fctt, seg\u00edtve legal\u00e1bb 4,5 milli\u00f3 embert vil\u00e1gszerte a dokumentumok intelligens kezel\u00e9s\u00e9ben \u00e9s a folyamatok digitaliz\u00e1l\u00e1s\u00e1ban.<o:p><\/o:p><\/p>[\/et_pb_text][\/et_pb_column][\/et_pb_row][et_pb_row _builder_version=&#8221;4.27.4&#8243; _module_preset=&#8221;default&#8221; theme_builder_area=&#8221;post_content&#8221;][et_pb_column _builder_version=&#8221;4.27.4&#8243; _module_preset=&#8221;default&#8221; type=&#8221;4_4&#8243; theme_builder_area=&#8221;post_content&#8221;][et_pb_image src=&#8221;https:\/\/itop.hu\/wp-content\/uploads\/2025\/02\/references-scaled.webp&#8221; _builder_version=&#8221;4.27.4&#8243; _module_preset=&#8221;default&#8221; theme_builder_area=&#8221;post_content&#8221; title_text=&#8221;references&#8221; hover_enabled=&#8221;0&#8243; sticky_enabled=&#8221;0&#8243;][\/et_pb_image][\/et_pb_column][\/et_pb_row][et_pb_row _builder_version=&#8221;4.27.4&#8243; _module_preset=&#8221;default&#8221; global_colors_info=&#8221;{}&#8221; theme_builder_area=&#8221;post_content&#8221;][et_pb_column type=&#8221;4_4&#8243; _builder_version=&#8221;4.27.4&#8243; _module_preset=&#8221;default&#8221; global_colors_info=&#8221;{}&#8221; theme_builder_area=&#8221;post_content&#8221;][et_pb_button button_url=&#8221;https:\/\/itop.hu\/kapcsolat\/&#8221; button_text=&#8221;AJ\u00c1NLATOT K\u00c9REK&#8221; button_alignment=&#8221;center&#8221; _builder_version=&#8221;4.27.4&#8243; _module_preset=&#8221;default&#8221; custom_button=&#8221;on&#8221; button_text_color=&#8221;#FFFFFF&#8221; button_bg_color=&#8221;#8300E9&#8243; button_border_width=&#8221;0px&#8221; button_border_radius=&#8221;20px&#8221; button_icon=&#8221;&#x3d;||divi||400&#8243; background_layout=&#8221;dark&#8221; global_colors_info=&#8221;{}&#8221; theme_builder_area=&#8221;post_content&#8221;][\/et_pb_button][\/et_pb_column][\/et_pb_row][\/et_pb_section][et_pb_section fb_built=&#8221;1&#8243; admin_label=&#8221;Footer&#8221; _builder_version=&#8221;4.24.2&#8243; _module_preset=&#8221;default&#8221; background_color=&#8221;#000000&#8243; use_background_color_gradient=&#8221;on&#8221; background_color_gradient_stops=&#8221;#000000 10%|rgba(0,0,0,0.5) 50%|#000000 90%&#8221; background_color_gradient_overlays_image=&#8221;on&#8221; background_image=&#8221;https:\/\/itop.hu\/wp-content\/uploads\/2024\/12\/augmented-reality-2.jpg&#8221; background_enable_image=&#8221;off&#8221; custom_padding=&#8221;6vw||6vw||true|false&#8221; da_disable_devices=&#8221;off|off|off&#8221; saved_tabs=&#8221;all&#8221; collapsed=&#8221;on&#8221; global_colors_info=&#8221;{}&#8221; theme_builder_area=&#8221;post_content&#8221; da_is_popup=&#8221;off&#8221; da_exit_intent=&#8221;off&#8221; da_has_close=&#8221;on&#8221; da_alt_close=&#8221;off&#8221; da_dark_close=&#8221;off&#8221; da_not_modal=&#8221;on&#8221; da_is_singular=&#8221;off&#8221; da_with_loader=&#8221;off&#8221; da_has_shadow=&#8221;on&#8221;][et_pb_row _builder_version=&#8221;4.24.2&#8243; _module_preset=&#8221;default&#8221; global_colors_info=&#8221;{}&#8221; theme_builder_area=&#8221;post_content&#8221;][et_pb_column type=&#8221;4_4&#8243; _builder_version=&#8221;4.22.1&#8243; _module_preset=&#8221;default&#8221; global_colors_info=&#8221;{}&#8221; theme_builder_area=&#8221;post_content&#8221;][et_pb_image src=&#8221;https:\/\/itop.hu\/wp-content\/uploads\/2024\/12\/logobluebackground-300&#215;143.webp&#8221; title_text=&#8221;logobluebackground&#8221; _builder_version=&#8221;4.27.4&#8243; _module_preset=&#8221;default&#8221; max_height=&#8221;56px&#8221; global_colors_info=&#8221;{}&#8221; theme_builder_area=&#8221;post_content&#8221;][\/et_pb_image][et_pb_text _builder_version=&#8221;4.27.4&#8243; _dynamic_attributes=&#8221;content&#8221; _module_preset=&#8221;43dd899b-591a-470f-9463-b85aac6780e8&#8243; header_4_text_color=&#8221;#FFFFFF&#8221; locked=&#8221;off&#8221; global_colors_info=&#8221;{}&#8221; theme_builder_area=&#8221;post_content&#8221;]@ET-DC@eyJkeW5hbWljIjp0cnVlLCJjb250ZW50IjoiY3VycmVudF9kYXRlIiwic2V0dGluZ3MiOnsiYmVmb3JlIjoiPGg0PkNvcHlyaWdodCAmY29weTsgIiwiYWZ0ZXIiOiIgSVRPUC5IVSBBbGwgUmlnaHRzIFJlc2VydmVkLjwvaDQ+IiwiZGF0ZV9mb3JtYXQiOiJjdXN0b20iLCJjdXN0b21fZGF0ZV9mb3JtYXQiOiJZIn19@[\/et_pb_text][\/et_pb_column][\/et_pb_row][\/et_pb_section]\n","protected":false},"excerpt":{"rendered":"<p>ITOP.HUD.VELOPA d.velop egy digit\u00e1lis dokumentumkezel\u0151 rendszer (DMS), ami a v\u00e1llalati digitaliz\u00e1ci\u00f3 els\u0151 \u00e9s legfontosabb l\u00e9p\u00e9se. A DMS lehet\u0151v\u00e9 teszi a dokumentumok \u00e9s inform\u00e1ci\u00f3k intelligens egyszer\u0171s\u00edt\u00e9s\u00e9t \u00e9s gyors kezel\u00e9s\u00e9t. A DMS legfontosabb funkci\u00f3i: \u00a0 Intelligens t\u00e1rol\u00e1s: K\u00f6zponti helyen t\u00e1rolja a dokumentumokat, megsz\u00fcntetve a manu\u00e1lis iktat\u00e1st \u00e9s a rendezetlen f\u00e1jlstrukt\u00far\u00e1kat. A dokumentumok digit\u00e1lis akt\u00e1kba ker\u00fclnek, jellemz\u0151k (pl. [&hellip;]<\/p>\n","protected":false},"author":1,"featured_media":0,"parent":0,"menu_order":0,"comment_status":"closed","ping_status":"closed","template":"","meta":{"_et_pb_use_builder":"on","_et_pb_old_content":"","_et_gb_content_width":"","footnotes":""},"class_list":["post-1146","page","type-page","status-publish","hentry"],"yoast_head":"<!-- This site is optimized with the Yoast SEO plugin v27.5 - https:\/\/yoast.com\/product\/yoast-seo-wordpress\/ -->\n<title>D.velop - itop<\/title>\n<meta name=\"description\" content=\"d.velop DMS: Dokumentumkezel\u00e9s digitaliz\u00e1lva | ITOP \u2013 Egyszer\u0171bb iratkezel\u00e9s, gyorsabb keres\u00e9s, optimaliz\u00e1lt t\u00e1vmunka!\" \/>\n<meta name=\"robots\" content=\"index, follow, max-snippet:-1, max-image-preview:large, max-video-preview:-1\" \/>\n<link rel=\"canonical\" href=\"https:\/\/itop.hu\/eng\/d-velop\/\" \/>\n<meta property=\"og:locale\" content=\"en_GB\" \/>\n<meta property=\"og:type\" content=\"article\" \/>\n<meta property=\"og:title\" content=\"D.velop - itop\" \/>\n<meta property=\"og:description\" content=\"d.velop DMS: Dokumentumkezel\u00e9s digitaliz\u00e1lva | ITOP \u2013 Egyszer\u0171bb iratkezel\u00e9s, gyorsabb keres\u00e9s, optimaliz\u00e1lt t\u00e1vmunka!\" \/>\n<meta property=\"og:url\" content=\"https:\/\/itop.hu\/eng\/d-velop\/\" \/>\n<meta property=\"og:site_name\" content=\"itop\" \/>\n<meta property=\"article:publisher\" content=\"https:\/\/www.facebook.com\/profile.php?id=61560571456979\" \/>\n<meta property=\"article:modified_time\" content=\"2025-02-17T13:17:18+00:00\" \/>\n<meta property=\"og:image\" content=\"https:\/\/itop.hu\/wp-content\/uploads\/2024\/02\/logoitop.png\" \/>\n\t<meta property=\"og:image:width\" content=\"144\" \/>\n\t<meta property=\"og:image:height\" content=\"71\" \/>\n\t<meta property=\"og:image:type\" content=\"image\/png\" \/>\n<meta name=\"twitter:card\" content=\"summary_large_image\" \/>\n<meta name=\"twitter:label1\" content=\"Estimated reading time\" \/>\n\t<meta name=\"twitter:data1\" content=\"3 minutes\" \/>\n<script type=\"application\/ld+json\" class=\"yoast-schema-graph\">{\"@context\":\"https:\\\/\\\/schema.org\",\"@graph\":[{\"@type\":\"WebPage\",\"@id\":\"https:\\\/\\\/itop.hu\\\/d-velop\\\/\",\"url\":\"https:\\\/\\\/itop.hu\\\/d-velop\\\/\",\"name\":\"D.velop - itop\",\"isPartOf\":{\"@id\":\"https:\\\/\\\/itop.hu\\\/#website\"},\"datePublished\":\"2025-02-16T16:52:00+00:00\",\"dateModified\":\"2025-02-17T13:17:18+00:00\",\"description\":\"d.velop DMS: Dokumentumkezel\u00e9s digitaliz\u00e1lva | ITOP \u2013 Egyszer\u0171bb iratkezel\u00e9s, gyorsabb keres\u00e9s, optimaliz\u00e1lt t\u00e1vmunka!\",\"breadcrumb\":{\"@id\":\"https:\\\/\\\/itop.hu\\\/d-velop\\\/#breadcrumb\"},\"inLanguage\":\"en-GB\",\"potentialAction\":[{\"@type\":\"ReadAction\",\"target\":[\"https:\\\/\\\/itop.hu\\\/d-velop\\\/\"]}]},{\"@type\":\"BreadcrumbList\",\"@id\":\"https:\\\/\\\/itop.hu\\\/d-velop\\\/#breadcrumb\",\"itemListElement\":[{\"@type\":\"ListItem\",\"position\":1,\"name\":\"Kezd\u0151lap\",\"item\":\"https:\\\/\\\/itop.hu\\\/\"},{\"@type\":\"ListItem\",\"position\":2,\"name\":\"D.velop\"}]},{\"@type\":\"WebSite\",\"@id\":\"https:\\\/\\\/itop.hu\\\/#website\",\"url\":\"https:\\\/\\\/itop.hu\\\/\",\"name\":\"itop\",\"description\":\"Ha nyugodtan akar haj\u00f3zni, b\u00edzza r\u00e1nk az \u00fczemeltet\u00e9st!\",\"publisher\":{\"@id\":\"https:\\\/\\\/itop.hu\\\/#organization\"},\"potentialAction\":[{\"@type\":\"SearchAction\",\"target\":{\"@type\":\"EntryPoint\",\"urlTemplate\":\"https:\\\/\\\/itop.hu\\\/?s={search_term_string}\"},\"query-input\":{\"@type\":\"PropertyValueSpecification\",\"valueRequired\":true,\"valueName\":\"search_term_string\"}}],\"inLanguage\":\"en-GB\"},{\"@type\":\"Organization\",\"@id\":\"https:\\\/\\\/itop.hu\\\/#organization\",\"name\":\"itop - A legjobb ITSM megold\u00e1s a piacon! - CMDB - \u00fczemeltet\u00e9s - kiberbiztons\u00e1g\",\"url\":\"https:\\\/\\\/itop.hu\\\/\",\"logo\":{\"@type\":\"ImageObject\",\"inLanguage\":\"en-GB\",\"@id\":\"https:\\\/\\\/itop.hu\\\/#\\\/schema\\\/logo\\\/image\\\/\",\"url\":\"https:\\\/\\\/itop.hu\\\/wp-content\\\/uploads\\\/2024\\\/02\\\/logoitop.png\",\"contentUrl\":\"https:\\\/\\\/itop.hu\\\/wp-content\\\/uploads\\\/2024\\\/02\\\/logoitop.png\",\"width\":144,\"height\":71,\"caption\":\"itop - A legjobb ITSM megold\u00e1s a piacon! - CMDB - \u00fczemeltet\u00e9s - kiberbiztons\u00e1g\"},\"image\":{\"@id\":\"https:\\\/\\\/itop.hu\\\/#\\\/schema\\\/logo\\\/image\\\/\"},\"sameAs\":[\"https:\\\/\\\/www.facebook.com\\\/profile.php?id=61560571456979\"]}]}<\/script>\n<!-- \/ Yoast SEO plugin. -->","yoast_head_json":{"title":"D.velop - itop","description":"d.velop DMS: Dokumentumkezel\u00e9s digitaliz\u00e1lva | ITOP \u2013 Egyszer\u0171bb iratkezel\u00e9s, gyorsabb keres\u00e9s, optimaliz\u00e1lt t\u00e1vmunka!","robots":{"index":"index","follow":"follow","max-snippet":"max-snippet:-1","max-image-preview":"max-image-preview:large","max-video-preview":"max-video-preview:-1"},"canonical":"https:\/\/itop.hu\/eng\/d-velop\/","og_locale":"en_GB","og_type":"article","og_title":"D.velop - itop","og_description":"d.velop DMS: Dokumentumkezel\u00e9s digitaliz\u00e1lva | ITOP \u2013 Egyszer\u0171bb iratkezel\u00e9s, gyorsabb keres\u00e9s, optimaliz\u00e1lt t\u00e1vmunka!","og_url":"https:\/\/itop.hu\/eng\/d-velop\/","og_site_name":"itop","article_publisher":"https:\/\/www.facebook.com\/profile.php?id=61560571456979","article_modified_time":"2025-02-17T13:17:18+00:00","og_image":[{"width":144,"height":71,"url":"https:\/\/itop.hu\/wp-content\/uploads\/2024\/02\/logoitop.png","type":"image\/png"}],"twitter_card":"summary_large_image","twitter_misc":{"Estimated reading time":"3 minutes"},"schema":{"@context":"https:\/\/schema.org","@graph":[{"@type":"WebPage","@id":"https:\/\/itop.hu\/d-velop\/","url":"https:\/\/itop.hu\/d-velop\/","name":"D.velop - itop","isPartOf":{"@id":"https:\/\/itop.hu\/#website"},"datePublished":"2025-02-16T16:52:00+00:00","dateModified":"2025-02-17T13:17:18+00:00","description":"d.velop DMS: Dokumentumkezel\u00e9s digitaliz\u00e1lva | ITOP \u2013 Egyszer\u0171bb iratkezel\u00e9s, gyorsabb keres\u00e9s, optimaliz\u00e1lt t\u00e1vmunka!","breadcrumb":{"@id":"https:\/\/itop.hu\/d-velop\/#breadcrumb"},"inLanguage":"en-GB","potentialAction":[{"@type":"ReadAction","target":["https:\/\/itop.hu\/d-velop\/"]}]},{"@type":"BreadcrumbList","@id":"https:\/\/itop.hu\/d-velop\/#breadcrumb","itemListElement":[{"@type":"ListItem","position":1,"name":"Kezd\u0151lap","item":"https:\/\/itop.hu\/"},{"@type":"ListItem","position":2,"name":"D.velop"}]},{"@type":"WebSite","@id":"https:\/\/itop.hu\/#website","url":"https:\/\/itop.hu\/","name":"ITOP","description":"Ha nyugodtan akar haj\u00f3zni, b\u00edzza r\u00e1nk az \u00fczemeltet\u00e9st!","publisher":{"@id":"https:\/\/itop.hu\/#organization"},"potentialAction":[{"@type":"SearchAction","target":{"@type":"EntryPoint","urlTemplate":"https:\/\/itop.hu\/?s={search_term_string}"},"query-input":{"@type":"PropertyValueSpecification","valueRequired":true,"valueName":"search_term_string"}}],"inLanguage":"en-GB"},{"@type":"Organization","@id":"https:\/\/itop.hu\/#organization","name":"itop - A legjobb ITSM megold\u00e1s a piacon! - CMDB - \u00fczemeltet\u00e9s - kiberbiztons\u00e1g","url":"https:\/\/itop.hu\/","logo":{"@type":"ImageObject","inLanguage":"en-GB","@id":"https:\/\/itop.hu\/#\/schema\/logo\/image\/","url":"https:\/\/itop.hu\/wp-content\/uploads\/2024\/02\/logoitop.png","contentUrl":"https:\/\/itop.hu\/wp-content\/uploads\/2024\/02\/logoitop.png","width":144,"height":71,"caption":"itop - A legjobb ITSM megold\u00e1s a piacon! - CMDB - \u00fczemeltet\u00e9s - kiberbiztons\u00e1g"},"image":{"@id":"https:\/\/itop.hu\/#\/schema\/logo\/image\/"},"sameAs":["https:\/\/www.facebook.com\/profile.php?id=61560571456979"]}]}},"_links":{"self":[{"href":"https:\/\/itop.hu\/eng\/wp-json\/wp\/v2\/pages\/1146","targetHints":{"allow":["GET"]}}],"collection":[{"href":"https:\/\/itop.hu\/eng\/wp-json\/wp\/v2\/pages"}],"about":[{"href":"https:\/\/itop.hu\/eng\/wp-json\/wp\/v2\/types\/page"}],"author":[{"embeddable":true,"href":"https:\/\/itop.hu\/eng\/wp-json\/wp\/v2\/users\/1"}],"replies":[{"embeddable":true,"href":"https:\/\/itop.hu\/eng\/wp-json\/wp\/v2\/comments?post=1146"}],"version-history":[{"count":4,"href":"https:\/\/itop.hu\/eng\/wp-json\/wp\/v2\/pages\/1146\/revisions"}],"predecessor-version":[{"id":1161,"href":"https:\/\/itop.hu\/eng\/wp-json\/wp\/v2\/pages\/1146\/revisions\/1161"}],"wp:attachment":[{"href":"https:\/\/itop.hu\/eng\/wp-json\/wp\/v2\/media?parent=1146"}],"curies":[{"name":"wp","href":"https:\/\/api.w.org\/{rel}","templated":true}]}}