{"id":572,"date":"2024-12-16T12:14:08","date_gmt":"2024-12-16T12:14:08","guid":{"rendered":"https:\/\/itop.hu\/?page_id=572"},"modified":"2024-12-22T10:28:41","modified_gmt":"2024-12-22T10:28:41","slug":"alkalmazasuzemeltetes","status":"publish","type":"page","link":"https:\/\/itop.hu\/eng\/alkalmazasuzemeltetes\/","title":{"rendered":"IT Application Operations"},"content":{"rendered":"\n[et_pb_section fb_built=&#8221;1&#8243; admin_label=&#8221;Header&#8221; _builder_version=&#8221;4.23.1&#8243; _module_preset=&#8221;default&#8221; background_color=&#8221;#000000&#8243; use_background_color_gradient=&#8221;on&#8221; background_color_gradient_stops=&#8221;#000000 0%|gcid-143aa564-2dbe-4a69-aba4-6587f516793c 100%&#8221; custom_padding=&#8221;6vw||6vw||true|false&#8221; da_disable_devices=&#8221;off|off|off&#8221; collapsed=&#8221;on&#8221; global_colors_info=&#8221;{%22gcid-143aa564-2dbe-4a69-aba4-6587f516793c%22:%91%22background_color_gradient_stops%22%93}&#8221; da_is_popup=&#8221;off&#8221; da_exit_intent=&#8221;off&#8221; da_has_close=&#8221;on&#8221; da_alt_close=&#8221;off&#8221; da_dark_close=&#8221;off&#8221; da_not_modal=&#8221;on&#8221; da_is_singular=&#8221;off&#8221; da_with_loader=&#8221;off&#8221; da_has_shadow=&#8221;on&#8221;][et_pb_row _builder_version=&#8221;4.24.2&#8243; _module_preset=&#8221;default&#8221; background_image=&#8221;https:\/\/itop.hu\/wp-content\/uploads\/2024\/12\/augmented-reality-background-03@2x.png&#8221; parallax=&#8221;on&#8221; max_width=&#8221;1280px&#8221; custom_padding=&#8221;10vw|8vw|10vw|8vw|true|true&#8221; global_colors_info=&#8221;{%22gcid-143aa564-2dbe-4a69-aba4-6587f516793c%22:%91%22background_color_gradient_stops%22%93}&#8221;][et_pb_column type=&#8221;4_4&#8243; _builder_version=&#8221;4.22.1&#8243; _module_preset=&#8221;default&#8221; global_colors_info=&#8221;{}&#8221;][et_pb_text _builder_version=&#8221;4.27.4&#8243; _module_preset=&#8221;d8b60686-2d10-4fc4-b4f6-391bf81ae4fb&#8221; header_4_text_color=&#8221;gcid-afa30cf2-6f5d-4b9c-aa39-7dbe1ac3b7a3&#8243; text_orientation=&#8221;center&#8221; global_colors_info=&#8221;{%22gcid-afa30cf2-6f5d-4b9c-aa39-7dbe1ac3b7a3%22:%91%22header_4_text_color%22%93}&#8221;]<h4><span style=\"color: #ff6600;\">itop.hu<\/span><\/h4>[\/et_pb_text][et_pb_text _builder_version=&#8221;4.27.4&#8243; _module_preset=&#8221;873597c3-ef1e-4806-80fa-84f8da250d9f&#8221; header_text_color=&#8221;#FFFFFF&#8221; text_orientation=&#8221;center&#8221; global_colors_info=&#8221;{}&#8221;]<h1>Alkalmaz\u00e1s\u00fczemeltet\u00e9s<\/h1>[\/et_pb_text][\/et_pb_column][\/et_pb_row][\/et_pb_section][et_pb_section fb_built=&#8221;1&#8243; admin_label=&#8221;About&#8221; _builder_version=&#8221;4.22.1&#8243; _module_preset=&#8221;default&#8221; background_color=&#8221;#000000&#8243; da_disable_devices=&#8221;off|off|off&#8221; locked=&#8221;off&#8221; collapsed=&#8221;on&#8221; global_colors_info=&#8221;{}&#8221; da_is_popup=&#8221;off&#8221; da_exit_intent=&#8221;off&#8221; da_has_close=&#8221;on&#8221; da_alt_close=&#8221;off&#8221; da_dark_close=&#8221;off&#8221; da_not_modal=&#8221;on&#8221; da_is_singular=&#8221;off&#8221; da_with_loader=&#8221;off&#8221; da_has_shadow=&#8221;on&#8221;][et_pb_row column_structure=&#8221;1_2,1_2&#8243; make_equal=&#8221;on&#8221; _builder_version=&#8221;4.22.1&#8243; _module_preset=&#8221;default&#8221; global_colors_info=&#8221;{}&#8221;][et_pb_column type=&#8221;1_2&#8243; _builder_version=&#8221;4.22.1&#8243; _module_preset=&#8221;default&#8221; custom_padding=&#8221;60px||60px||true|false&#8221; custom_padding_tablet=&#8221;0px||0px||true|false&#8221; custom_padding_phone=&#8221;0px||0px||true|false&#8221; custom_padding_last_edited=&#8221;on|desktop&#8221; global_colors_info=&#8221;{}&#8221;][et_pb_text _builder_version=&#8221;4.27.4&#8243; _module_preset=&#8221;f1d5209a-82ae-4f55-bd73-bf9398798a6c&#8221; header_2_text_color=&#8221;#FFFFFF&#8221; custom_margin=&#8221;||10px||false|false&#8221; global_colors_info=&#8221;{}&#8221;]<h3><span style=\"color: #ffffff;\"><strong>Szolg\u00e1ltat\u00e1sok \/ Alkalmaz\u00e1sok \u00e1tv\u00e9tele \u00fczemeltet\u00e9sre<\/strong><\/span><\/h3>[\/et_pb_text][et_pb_text _builder_version=&#8221;4.27.4&#8243; _module_preset=&#8221;7956b820-5831-4bbd-8776-869439e99595&#8243; text_font=&#8221;Arial||||||||&#8221; text_text_color=&#8221;#FFFFFF&#8221; global_colors_info=&#8221;{}&#8221;]<p><strong>\u00a0<\/strong><\/p>\n<p>&nbsp;<\/p>\n<p>Nincs szak\u00e9rt\u0151je az alkalmaz\u00e1sok \u00fczemeltet\u00e9s\u00e9hez?<\/p>\n<p>Elment az utols\u00f3 rendszergazda is, aki \u00e9rtett hozz\u00e1?<\/p>\n<p>Nincs dokument\u00e1ci\u00f3 a rendszerhez?<\/p>\n<p>Nincs hozz\u00e1 monitoring rendszer?<\/p>\n<p>&nbsp;<\/p>\n<p>Ha b\u00e1rmelyik k\u00e9rd\u00e9sre a v\u00e1lasz &#8222;igen&#8221;, akkor n\u00e1lunk j\u00f3 helyen j\u00e1r, mert szak\u00e9rt\u0151i csapatunk fel tudja m\u00e9rni az alkalmaz\u00e1sarchitekt\u00far\u00e1t, ledokument\u00e1lja, \u00e9s \u00fczemelteti azt SLA alapon.<\/p>\n<p style=\"text-align: justify;\">Ne hagyja, hogy az IT probl\u00e9m\u00e1k h\u00e1tr\u00e1ltatj\u00e1k v\u00e1llalkoz\u00e1sa siker\u00e9t &#8211; b\u00edzza r\u00e1nk alkalmaz\u00e1sai \u00fczemeltet\u00e9s\u00e9t, \u00e9s koncentr\u00e1ljon az \u00fczleti n\u00f6veked\u00e9sre! Tapasztalt csapatunk nemcsak \u00e1tveszi a rendszerek kezel\u00e9s\u00e9t, de optimaliz\u00e1lja \u00e9s fejleszti is azokat, hogy maxim\u00e1lis hat\u00e9konys\u00e1got \u00e9s megb\u00edzhat\u00f3s\u00e1got biztos\u00edtson az \u00d6n v\u00e1llalkoz\u00e1sa sz\u00e1m\u00e1ra.<\/p>[\/et_pb_text][et_pb_button button_text=&#8221;k\u00e9rjen aj\u00e1nlatot most! &#8221; _builder_version=&#8221;4.27.4&#8243; _module_preset=&#8221;4158bc7f-e28a-4a5d-959b-94d3442522c3&#8243; button_text_color=&#8221;#FFFFFF&#8221; button_bg_color=&#8221;#8300E9&#8243; button_border_width=&#8221;0px&#8221; button_border_radius=&#8221;37px&#8221; hover_enabled=&#8221;0&#8243; global_colors_info=&#8221;{%22gcid-afa30cf2-6f5d-4b9c-aa39-7dbe1ac3b7a3%22:%91%22button_border_color%22,%22button_border_color%22%93}&#8221; button_url=&#8221;https:\/\/itop.hu\/kapcsolat\/&#8221; sticky_enabled=&#8221;0&#8243;][\/et_pb_button][\/et_pb_column][et_pb_column type=&#8221;1_2&#8243; _builder_version=&#8221;4.22.1&#8243; _module_preset=&#8221;default&#8221; background_image=&#8221;https:\/\/itop.hu\/wp-content\/uploads\/2024\/12\/augmented-reality-5.jpg&#8221; global_colors_info=&#8221;{}&#8221;][et_pb_divider show_divider=&#8221;off&#8221; _builder_version=&#8221;4.22.1&#8243; _module_preset=&#8221;default&#8221; height_tablet=&#8221;50vw&#8221; height_phone=&#8221;50vw&#8221; height_last_edited=&#8221;on|tablet&#8221; global_colors_info=&#8221;{}&#8221;][\/et_pb_divider][\/et_pb_column][\/et_pb_row][\/et_pb_section][et_pb_section fb_built=&#8221;1&#8243; admin_label=&#8221;Footer&#8221; _builder_version=&#8221;4.24.2&#8243; _module_preset=&#8221;default&#8221; background_color=&#8221;#000000&#8243; use_background_color_gradient=&#8221;on&#8221; background_color_gradient_stops=&#8221;#000000 10%|rgba(0,0,0,0.5) 50%|#000000 90%&#8221; background_color_gradient_overlays_image=&#8221;on&#8221; background_image=&#8221;https:\/\/itop.hu\/wp-content\/uploads\/2024\/12\/augmented-reality-2.jpg&#8221; background_enable_image=&#8221;off&#8221; custom_padding=&#8221;6vw||6vw||true|false&#8221; da_disable_devices=&#8221;off|off|off&#8221; saved_tabs=&#8221;all&#8221; collapsed=&#8221;on&#8221; global_colors_info=&#8221;{}&#8221; da_is_popup=&#8221;off&#8221; da_exit_intent=&#8221;off&#8221; da_has_close=&#8221;on&#8221; da_alt_close=&#8221;off&#8221; da_dark_close=&#8221;off&#8221; da_not_modal=&#8221;on&#8221; da_is_singular=&#8221;off&#8221; da_with_loader=&#8221;off&#8221; da_has_shadow=&#8221;on&#8221;][et_pb_row _builder_version=&#8221;4.24.2&#8243; _module_preset=&#8221;default&#8221; global_colors_info=&#8221;{}&#8221;][et_pb_column type=&#8221;4_4&#8243; _builder_version=&#8221;4.22.1&#8243; _module_preset=&#8221;default&#8221; global_colors_info=&#8221;{}&#8221;][et_pb_image src=&#8221;https:\/\/itop.hu\/wp-content\/uploads\/2024\/12\/logobluebackground-300&#215;143.webp&#8221; title_text=&#8221;logobluebackground&#8221; _builder_version=&#8221;4.27.4&#8243; _module_preset=&#8221;default&#8221; max_height=&#8221;56px&#8221; global_colors_info=&#8221;{}&#8221;][\/et_pb_image][et_pb_text _builder_version=&#8221;4.27.4&#8243; _dynamic_attributes=&#8221;content&#8221; _module_preset=&#8221;d8b60686-2d10-4fc4-b4f6-391bf81ae4fb&#8221; header_4_text_color=&#8221;#FFFFFF&#8221; locked=&#8221;off&#8221; global_colors_info=&#8221;{}&#8221;]@ET-DC@eyJkeW5hbWljIjp0cnVlLCJjb250ZW50IjoiY3VycmVudF9kYXRlIiwic2V0dGluZ3MiOnsiYmVmb3JlIjoiPGg0PkNvcHlyaWdodCAmY29weTsgIiwiYWZ0ZXIiOiIgSVRPUC5IVSBBbGwgUmlnaHRzIFJlc2VydmVkLjwvaDQ+IiwiZGF0ZV9mb3JtYXQiOiJjdXN0b20iLCJjdXN0b21fZGF0ZV9mb3JtYXQiOiJZIn19@[\/et_pb_text][\/et_pb_column][\/et_pb_row][\/et_pb_section]\n","protected":false},"excerpt":{"rendered":"<p>itop.huAlkalmaz\u00e1s\u00fczemeltet\u00e9sSzolg\u00e1ltat\u00e1sok \/ Alkalmaz\u00e1sok \u00e1tv\u00e9tele \u00fczemeltet\u00e9sre\u00a0 &nbsp; Nincs szak\u00e9rt\u0151je az alkalmaz\u00e1sok \u00fczemeltet\u00e9s\u00e9hez? Elment az utols\u00f3 rendszergazda is, aki \u00e9rtett hozz\u00e1? Nincs dokument\u00e1ci\u00f3 a rendszerhez? Nincs hozz\u00e1 monitoring rendszer? &nbsp; Ha b\u00e1rmelyik k\u00e9rd\u00e9sre a v\u00e1lasz &#8222;igen&#8221;, akkor n\u00e1lunk j\u00f3 helyen j\u00e1r, mert szak\u00e9rt\u0151i csapatunk fel tudja m\u00e9rni az alkalmaz\u00e1sarchitekt\u00far\u00e1t, ledokument\u00e1lja, \u00e9s \u00fczemelteti azt SLA alapon. Ne hagyja, [&hellip;]<\/p>\n","protected":false},"author":1,"featured_media":0,"parent":0,"menu_order":0,"comment_status":"closed","ping_status":"closed","template":"","meta":{"_et_pb_use_builder":"on","_et_pb_old_content":"","_et_gb_content_width":"","footnotes":""},"class_list":["post-572","page","type-page","status-publish","hentry"],"yoast_head":"<!-- This site is optimized with the Yoast SEO plugin v27.5 - https:\/\/yoast.com\/product\/yoast-seo-wordpress\/ -->\n<title>Alkalmaz\u00e1s\u00fczemeltet\u00e9s - itop<\/title>\n<meta name=\"description\" content=\"Professzion\u00e1lis alkalmaz\u00e1s\u00fczemeltet\u00e9s az ITOP-t\u00f3l. Biztos\u00edtjuk rendszerei folyamatos m\u0171k\u00f6d\u00e9s\u00e9t, optimaliz\u00e1ljuk teljes\u00edtm\u00e9ny\u00fcket \u00e9s garant\u00e1ljuk a maxim\u00e1lis rendelkez\u00e9sre \u00e1ll\u00e1st. B\u00edzza r\u00e1nk IT infrastrukt\u00far\u00e1j\u00e1t!\" \/>\n<meta name=\"robots\" content=\"index, follow, max-snippet:-1, max-image-preview:large, max-video-preview:-1\" \/>\n<link rel=\"canonical\" href=\"https:\/\/itop.hu\/eng\/alkalmazasuzemeltetes\/\" \/>\n<meta property=\"og:locale\" content=\"en_GB\" \/>\n<meta property=\"og:type\" content=\"article\" \/>\n<meta property=\"og:title\" content=\"Alkalmaz\u00e1s\u00fczemeltet\u00e9s - itop\" \/>\n<meta property=\"og:description\" content=\"Professzion\u00e1lis alkalmaz\u00e1s\u00fczemeltet\u00e9s az ITOP-t\u00f3l. Biztos\u00edtjuk rendszerei folyamatos m\u0171k\u00f6d\u00e9s\u00e9t, optimaliz\u00e1ljuk teljes\u00edtm\u00e9ny\u00fcket \u00e9s garant\u00e1ljuk a maxim\u00e1lis rendelkez\u00e9sre \u00e1ll\u00e1st. B\u00edzza r\u00e1nk IT infrastrukt\u00far\u00e1j\u00e1t!\" \/>\n<meta property=\"og:url\" content=\"https:\/\/itop.hu\/eng\/alkalmazasuzemeltetes\/\" \/>\n<meta property=\"og:site_name\" content=\"itop\" \/>\n<meta property=\"article:publisher\" content=\"https:\/\/www.facebook.com\/profile.php?id=61560571456979\" \/>\n<meta property=\"article:modified_time\" content=\"2024-12-22T10:28:41+00:00\" \/>\n<meta property=\"og:image\" content=\"https:\/\/itop.hu\/wp-content\/uploads\/2024\/02\/logoitop.png\" \/>\n\t<meta property=\"og:image:width\" content=\"144\" \/>\n\t<meta property=\"og:image:height\" content=\"71\" \/>\n\t<meta property=\"og:image:type\" content=\"image\/png\" \/>\n<meta name=\"twitter:card\" content=\"summary_large_image\" \/>\n<meta name=\"twitter:label1\" content=\"Estimated reading time\" \/>\n\t<meta name=\"twitter:data1\" content=\"1 minute\" \/>\n<script type=\"application\/ld+json\" class=\"yoast-schema-graph\">{\"@context\":\"https:\\\/\\\/schema.org\",\"@graph\":[{\"@type\":\"WebPage\",\"@id\":\"https:\\\/\\\/itop.hu\\\/alkalmazasuzemeltetes\\\/\",\"url\":\"https:\\\/\\\/itop.hu\\\/alkalmazasuzemeltetes\\\/\",\"name\":\"Alkalmaz\u00e1s\u00fczemeltet\u00e9s - itop\",\"isPartOf\":{\"@id\":\"https:\\\/\\\/itop.hu\\\/#website\"},\"datePublished\":\"2024-12-16T12:14:08+00:00\",\"dateModified\":\"2024-12-22T10:28:41+00:00\",\"description\":\"Professzion\u00e1lis alkalmaz\u00e1s\u00fczemeltet\u00e9s az ITOP-t\u00f3l. Biztos\u00edtjuk rendszerei folyamatos m\u0171k\u00f6d\u00e9s\u00e9t, optimaliz\u00e1ljuk teljes\u00edtm\u00e9ny\u00fcket \u00e9s garant\u00e1ljuk a maxim\u00e1lis rendelkez\u00e9sre \u00e1ll\u00e1st. B\u00edzza r\u00e1nk IT infrastrukt\u00far\u00e1j\u00e1t!\",\"breadcrumb\":{\"@id\":\"https:\\\/\\\/itop.hu\\\/alkalmazasuzemeltetes\\\/#breadcrumb\"},\"inLanguage\":\"en-GB\",\"potentialAction\":[{\"@type\":\"ReadAction\",\"target\":[\"https:\\\/\\\/itop.hu\\\/alkalmazasuzemeltetes\\\/\"]}]},{\"@type\":\"BreadcrumbList\",\"@id\":\"https:\\\/\\\/itop.hu\\\/alkalmazasuzemeltetes\\\/#breadcrumb\",\"itemListElement\":[{\"@type\":\"ListItem\",\"position\":1,\"name\":\"Kezd\u0151lap\",\"item\":\"https:\\\/\\\/itop.hu\\\/\"},{\"@type\":\"ListItem\",\"position\":2,\"name\":\"Alkalmaz\u00e1s\u00fczemeltet\u00e9s\"}]},{\"@type\":\"WebSite\",\"@id\":\"https:\\\/\\\/itop.hu\\\/#website\",\"url\":\"https:\\\/\\\/itop.hu\\\/\",\"name\":\"itop\",\"description\":\"Ha nyugodtan akar haj\u00f3zni, b\u00edzza r\u00e1nk az \u00fczemeltet\u00e9st!\",\"publisher\":{\"@id\":\"https:\\\/\\\/itop.hu\\\/#organization\"},\"potentialAction\":[{\"@type\":\"SearchAction\",\"target\":{\"@type\":\"EntryPoint\",\"urlTemplate\":\"https:\\\/\\\/itop.hu\\\/?s={search_term_string}\"},\"query-input\":{\"@type\":\"PropertyValueSpecification\",\"valueRequired\":true,\"valueName\":\"search_term_string\"}}],\"inLanguage\":\"en-GB\"},{\"@type\":\"Organization\",\"@id\":\"https:\\\/\\\/itop.hu\\\/#organization\",\"name\":\"itop - A legjobb ITSM megold\u00e1s a piacon! - CMDB - \u00fczemeltet\u00e9s - kiberbiztons\u00e1g\",\"url\":\"https:\\\/\\\/itop.hu\\\/\",\"logo\":{\"@type\":\"ImageObject\",\"inLanguage\":\"en-GB\",\"@id\":\"https:\\\/\\\/itop.hu\\\/#\\\/schema\\\/logo\\\/image\\\/\",\"url\":\"https:\\\/\\\/itop.hu\\\/wp-content\\\/uploads\\\/2024\\\/02\\\/logoitop.png\",\"contentUrl\":\"https:\\\/\\\/itop.hu\\\/wp-content\\\/uploads\\\/2024\\\/02\\\/logoitop.png\",\"width\":144,\"height\":71,\"caption\":\"itop - A legjobb ITSM megold\u00e1s a piacon! - CMDB - \u00fczemeltet\u00e9s - kiberbiztons\u00e1g\"},\"image\":{\"@id\":\"https:\\\/\\\/itop.hu\\\/#\\\/schema\\\/logo\\\/image\\\/\"},\"sameAs\":[\"https:\\\/\\\/www.facebook.com\\\/profile.php?id=61560571456979\"]}]}<\/script>\n<!-- \/ Yoast SEO plugin. -->","yoast_head_json":{"title":"Alkalmaz\u00e1s\u00fczemeltet\u00e9s - itop","description":"Professzion\u00e1lis alkalmaz\u00e1s\u00fczemeltet\u00e9s az ITOP-t\u00f3l. Biztos\u00edtjuk rendszerei folyamatos m\u0171k\u00f6d\u00e9s\u00e9t, optimaliz\u00e1ljuk teljes\u00edtm\u00e9ny\u00fcket \u00e9s garant\u00e1ljuk a maxim\u00e1lis rendelkez\u00e9sre \u00e1ll\u00e1st. B\u00edzza r\u00e1nk IT infrastrukt\u00far\u00e1j\u00e1t!","robots":{"index":"index","follow":"follow","max-snippet":"max-snippet:-1","max-image-preview":"max-image-preview:large","max-video-preview":"max-video-preview:-1"},"canonical":"https:\/\/itop.hu\/eng\/alkalmazasuzemeltetes\/","og_locale":"en_GB","og_type":"article","og_title":"Alkalmaz\u00e1s\u00fczemeltet\u00e9s - itop","og_description":"Professzion\u00e1lis alkalmaz\u00e1s\u00fczemeltet\u00e9s az ITOP-t\u00f3l. Biztos\u00edtjuk rendszerei folyamatos m\u0171k\u00f6d\u00e9s\u00e9t, optimaliz\u00e1ljuk teljes\u00edtm\u00e9ny\u00fcket \u00e9s garant\u00e1ljuk a maxim\u00e1lis rendelkez\u00e9sre \u00e1ll\u00e1st. B\u00edzza r\u00e1nk IT infrastrukt\u00far\u00e1j\u00e1t!","og_url":"https:\/\/itop.hu\/eng\/alkalmazasuzemeltetes\/","og_site_name":"itop","article_publisher":"https:\/\/www.facebook.com\/profile.php?id=61560571456979","article_modified_time":"2024-12-22T10:28:41+00:00","og_image":[{"width":144,"height":71,"url":"https:\/\/itop.hu\/wp-content\/uploads\/2024\/02\/logoitop.png","type":"image\/png"}],"twitter_card":"summary_large_image","twitter_misc":{"Estimated reading time":"1 minute"},"schema":{"@context":"https:\/\/schema.org","@graph":[{"@type":"WebPage","@id":"https:\/\/itop.hu\/alkalmazasuzemeltetes\/","url":"https:\/\/itop.hu\/alkalmazasuzemeltetes\/","name":"Alkalmaz\u00e1s\u00fczemeltet\u00e9s - itop","isPartOf":{"@id":"https:\/\/itop.hu\/#website"},"datePublished":"2024-12-16T12:14:08+00:00","dateModified":"2024-12-22T10:28:41+00:00","description":"Professzion\u00e1lis alkalmaz\u00e1s\u00fczemeltet\u00e9s az ITOP-t\u00f3l. Biztos\u00edtjuk rendszerei folyamatos m\u0171k\u00f6d\u00e9s\u00e9t, optimaliz\u00e1ljuk teljes\u00edtm\u00e9ny\u00fcket \u00e9s garant\u00e1ljuk a maxim\u00e1lis rendelkez\u00e9sre \u00e1ll\u00e1st. B\u00edzza r\u00e1nk IT infrastrukt\u00far\u00e1j\u00e1t!","breadcrumb":{"@id":"https:\/\/itop.hu\/alkalmazasuzemeltetes\/#breadcrumb"},"inLanguage":"en-GB","potentialAction":[{"@type":"ReadAction","target":["https:\/\/itop.hu\/alkalmazasuzemeltetes\/"]}]},{"@type":"BreadcrumbList","@id":"https:\/\/itop.hu\/alkalmazasuzemeltetes\/#breadcrumb","itemListElement":[{"@type":"ListItem","position":1,"name":"Kezd\u0151lap","item":"https:\/\/itop.hu\/"},{"@type":"ListItem","position":2,"name":"Alkalmaz\u00e1s\u00fczemeltet\u00e9s"}]},{"@type":"WebSite","@id":"https:\/\/itop.hu\/#website","url":"https:\/\/itop.hu\/","name":"ITOP","description":"Ha nyugodtan akar haj\u00f3zni, b\u00edzza r\u00e1nk az \u00fczemeltet\u00e9st!","publisher":{"@id":"https:\/\/itop.hu\/#organization"},"potentialAction":[{"@type":"SearchAction","target":{"@type":"EntryPoint","urlTemplate":"https:\/\/itop.hu\/?s={search_term_string}"},"query-input":{"@type":"PropertyValueSpecification","valueRequired":true,"valueName":"search_term_string"}}],"inLanguage":"en-GB"},{"@type":"Organization","@id":"https:\/\/itop.hu\/#organization","name":"itop - A legjobb ITSM megold\u00e1s a piacon! - CMDB - \u00fczemeltet\u00e9s - kiberbiztons\u00e1g","url":"https:\/\/itop.hu\/","logo":{"@type":"ImageObject","inLanguage":"en-GB","@id":"https:\/\/itop.hu\/#\/schema\/logo\/image\/","url":"https:\/\/itop.hu\/wp-content\/uploads\/2024\/02\/logoitop.png","contentUrl":"https:\/\/itop.hu\/wp-content\/uploads\/2024\/02\/logoitop.png","width":144,"height":71,"caption":"itop - A legjobb ITSM megold\u00e1s a piacon! - CMDB - \u00fczemeltet\u00e9s - kiberbiztons\u00e1g"},"image":{"@id":"https:\/\/itop.hu\/#\/schema\/logo\/image\/"},"sameAs":["https:\/\/www.facebook.com\/profile.php?id=61560571456979"]}]}},"_links":{"self":[{"href":"https:\/\/itop.hu\/eng\/wp-json\/wp\/v2\/pages\/572","targetHints":{"allow":["GET"]}}],"collection":[{"href":"https:\/\/itop.hu\/eng\/wp-json\/wp\/v2\/pages"}],"about":[{"href":"https:\/\/itop.hu\/eng\/wp-json\/wp\/v2\/types\/page"}],"author":[{"embeddable":true,"href":"https:\/\/itop.hu\/eng\/wp-json\/wp\/v2\/users\/1"}],"replies":[{"embeddable":true,"href":"https:\/\/itop.hu\/eng\/wp-json\/wp\/v2\/comments?post=572"}],"version-history":[{"count":5,"href":"https:\/\/itop.hu\/eng\/wp-json\/wp\/v2\/pages\/572\/revisions"}],"predecessor-version":[{"id":1052,"href":"https:\/\/itop.hu\/eng\/wp-json\/wp\/v2\/pages\/572\/revisions\/1052"}],"wp:attachment":[{"href":"https:\/\/itop.hu\/eng\/wp-json\/wp\/v2\/media?parent=572"}],"curies":[{"name":"wp","href":"https:\/\/api.w.org\/{rel}","templated":true}]}}