{"id":584,"date":"2024-12-16T12:35:27","date_gmt":"2024-12-16T12:35:27","guid":{"rendered":"https:\/\/itop.hu\/?page_id=584"},"modified":"2024-12-22T10:52:41","modified_gmt":"2024-12-22T10:52:41","slug":"szolgaltatasmenedzsment","status":"publish","type":"page","link":"https:\/\/itop.hu\/eng\/szolgaltatasmenedzsment\/","title":{"rendered":"Service management"},"content":{"rendered":"\n[et_pb_section fb_built=&#8221;1&#8243; admin_label=&#8221;Header&#8221; _builder_version=&#8221;4.24.2&#8243; _module_preset=&#8221;default&#8221; background_color=&#8221;#000000&#8243; background_image=&#8221;https:\/\/itop.hu\/wp-content\/uploads\/2024\/12\/augmented-reality-illustration-01.png&#8221; background_position=&#8221;bottom_center&#8221; custom_padding=&#8221;16vw||||false|false&#8221; da_disable_devices=&#8221;off|off|off&#8221; collapsed=&#8221;on&#8221; global_colors_info=&#8221;{}&#8221; da_is_popup=&#8221;off&#8221; da_exit_intent=&#8221;off&#8221; da_has_close=&#8221;on&#8221; da_alt_close=&#8221;off&#8221; da_dark_close=&#8221;off&#8221; da_not_modal=&#8221;on&#8221; da_is_singular=&#8221;off&#8221; da_with_loader=&#8221;off&#8221; da_has_shadow=&#8221;on&#8221;][et_pb_row _builder_version=&#8221;4.22.1&#8243; _module_preset=&#8221;default&#8221; max_width=&#8221;510px&#8221; global_colors_info=&#8221;{}&#8221;][et_pb_column type=&#8221;4_4&#8243; _builder_version=&#8221;4.22.1&#8243; _module_preset=&#8221;default&#8221; global_colors_info=&#8221;{}&#8221;][et_pb_text _builder_version=&#8221;4.27.4&#8243; _module_preset=&#8221;04e8f7e0-75e2-4cb8-8554-9739c50a28cd&#8221; header_4_text_color=&#8221;gcid-afa30cf2-6f5d-4b9c-aa39-7dbe1ac3b7a3&#8243; text_orientation=&#8221;center&#8221; global_colors_info=&#8221;{%22gcid-afa30cf2-6f5d-4b9c-aa39-7dbe1ac3b7a3%22:%91%22header_4_text_color%22%93}&#8221;]<h4><span style=\"color: #ff6600;\">itop.hu<\/span><\/h4>[\/et_pb_text][et_pb_text _builder_version=&#8221;4.27.4&#8243; _module_preset=&#8221;7e33ab3e-efa1-4c43-94ce-f4d7dd35054c&#8221; header_text_color=&#8221;#FFFFFF&#8221; text_orientation=&#8221;center&#8221; global_colors_info=&#8221;{}&#8221;]<h2><span style=\"color: #ffffff;\"><strong>SZOLG\u00c1LTAT\u00c1SMENEDZSMENT<\/strong><\/span><\/h2>[\/et_pb_text][et_pb_text _builder_version=&#8221;4.27.4&#8243; _module_preset=&#8221;3a0de5a5-a888-4717-8407-3dcd1ab89bba&#8221; text_text_color=&#8221;#FFFFFF&#8221; text_orientation=&#8221;center&#8221; custom_margin=&#8221;||30px||false|false&#8221; global_colors_info=&#8221;{}&#8221;]<p>&nbsp;<\/p>\n<p><strong>IT szolg\u00e1ltat\u00e1smenedzsment kialak\u00edt\u00e1sa<\/strong><\/p>[\/et_pb_text][\/et_pb_column][\/et_pb_row][\/et_pb_section][et_pb_section fb_built=&#8221;1&#8243; admin_label=&#8221;What We Do&#8221; _builder_version=&#8221;4.22.1&#8243; _module_preset=&#8221;default&#8221; background_color=&#8221;#000000&#8243; da_disable_devices=&#8221;off|off|off&#8221; collapsed=&#8221;on&#8221; global_colors_info=&#8221;{}&#8221; da_is_popup=&#8221;off&#8221; da_exit_intent=&#8221;off&#8221; da_has_close=&#8221;on&#8221; da_alt_close=&#8221;off&#8221; da_dark_close=&#8221;off&#8221; da_not_modal=&#8221;on&#8221; da_is_singular=&#8221;off&#8221; da_with_loader=&#8221;off&#8221; da_has_shadow=&#8221;on&#8221;][et_pb_row column_structure=&#8221;1_2,1_2&#8243; _builder_version=&#8221;4.22.1&#8243; _module_preset=&#8221;default&#8221; global_colors_info=&#8221;{}&#8221;][et_pb_column type=&#8221;1_2&#8243; _builder_version=&#8221;4.22.1&#8243; _module_preset=&#8221;default&#8221; global_colors_info=&#8221;{}&#8221;][et_pb_image src=&#8221;https:\/\/itop.hu\/wp-content\/uploads\/2024\/12\/augmented-reality-1-1024&#215;655.jpg&#8221; title_text=&#8221;augmented-reality-1&#8243; _builder_version=&#8221;4.27.4&#8243; _module_preset=&#8221;default&#8221; global_colors_info=&#8221;{}&#8221;][\/et_pb_image][\/et_pb_column][et_pb_column type=&#8221;1_2&#8243; _builder_version=&#8221;4.22.1&#8243; _module_preset=&#8221;default&#8221; global_colors_info=&#8221;{}&#8221;][et_pb_text _builder_version=&#8221;4.27.4&#8243; _module_preset=&#8221;5542fcde-f3d5-4b95-8d7b-7431a1757e09&#8243; text_text_color=&#8221;#FFFFFF&#8221; text_font_size=&#8221;15px&#8221; global_colors_info=&#8221;{}&#8221;]<p style=\"text-align: justify;\">Nincsenek m\u00e9rhet\u0151 folyamataik \u00e9s szolg\u00e1ltat\u00e1saik?<\/p>\n<p style=\"text-align: justify;\">Szeretn\u00e9nek SLA-kat kialak\u00edtani az \u00fczlet fel\u00e9? Vagy az \u00fczlet szeretn\u00e9 az IT fel\u00e9?<\/p>\n<p style=\"text-align: justify;\">Nem m\u0171k\u00f6dik a helpdesk, incidenskezel\u00e9s \u00e9s probl\u00e9mamenedzsment?<\/p>\n<p style=\"text-align: justify;\">Nincs megfelel\u0151 szerz\u0151d\u00e9s \u00e9s sz\u00e1ll\u00edt\u00f3menedzsmentje?<\/p>\n<p style=\"text-align: justify;\">N\u00e1lunk j\u00f3 helyen j\u00e1r, mivel ezekben mind tudunk seg\u00edteni. T\u00f6bb \u00e9vtizedes banki \u00e9s nagyv\u00e1llalati tapasztalattal ezeket a tev\u00e9kenys\u00e9geket t\u00f6k\u00e9letes szinten \u0171zz\u00fck.<\/p>\n<p style=\"text-align: justify;\"><span>Optimaliz\u00e1lja IT szolg\u00e1ltat\u00e1sait \u00e9s n\u00f6velje \u00fczleti \u00e9rt\u00e9k\u00e9t szak\u00e9rt\u0151 seg\u00edts\u00e9g\u00fcnkkel! <\/span><\/p>\n<p style=\"text-align: justify;\"><span>Testreszabott megold\u00e1sainkkal hat\u00e9konyabb\u00e1 tessz\u00fck folyamatait, cs\u00f6kkentj\u00fck k\u00f6lts\u00e9geit \u00e9s jav\u00edtjuk az \u00fcgyf\u00e9l-el\u00e9gedetts\u00e9get.<\/span><span class=\"mt-md block\"><\/span><\/p>\n<p style=\"text-align: justify;\"><span>L\u00e9pjen be a modern IT szolg\u00e1ltat\u00e1smenedzsment vil\u00e1g\u00e1ba vel\u00fcnk! Tapasztalt csapatunk seg\u00edt \u00e1talak\u00edtani IT r\u00e9szleg\u00e9t egy reakt\u00edv t\u00e1mogat\u00f3 funkci\u00f3b\u00f3l proakt\u00edv, \u00e9rt\u00e9kteremt\u0151 \u00fczleti partnerr\u00e9.<\/span><span class=\"mt-md block\"><\/span><\/p>\n<p style=\"text-align: justify;\"><span>Ne hagyja, hogy az IT probl\u00e9m\u00e1k h\u00e1tr\u00e1ltass\u00e1k v\u00e1llalkoz\u00e1sa n\u00f6veked\u00e9s\u00e9t! <\/span><\/p>\n<p style=\"text-align: justify;\"><span>\u00c1tfog\u00f3 szolg\u00e1ltat\u00e1smenedzsment megold\u00e1sainkkal biztos\u00edtjuk, hogy IT r\u00e9szlege z\u00f6kken\u0151mentesen t\u00e1mogassa az \u00fczleti c\u00e9lok el\u00e9r\u00e9s\u00e9t.<\/span><\/p>[\/et_pb_text][\/et_pb_column][\/et_pb_row][\/et_pb_section][et_pb_section fb_built=&#8221;1&#8243; admin_label=&#8221;Call to Action&#8221; _builder_version=&#8221;4.24.2&#8243; _module_preset=&#8221;default&#8221; background_color=&#8221;#000000&#8243; custom_padding=&#8221;6vw||6vw||true|false&#8221; da_disable_devices=&#8221;off|off|off&#8221; saved_tabs=&#8221;all&#8221; collapsed=&#8221;on&#8221; global_colors_info=&#8221;{}&#8221; da_is_popup=&#8221;off&#8221; da_exit_intent=&#8221;off&#8221; da_has_close=&#8221;on&#8221; da_alt_close=&#8221;off&#8221; da_dark_close=&#8221;off&#8221; da_not_modal=&#8221;on&#8221; da_is_singular=&#8221;off&#8221; da_with_loader=&#8221;off&#8221; da_has_shadow=&#8221;on&#8221;][et_pb_row _builder_version=&#8221;4.24.2&#8243; _module_preset=&#8221;default&#8221; background_image=&#8221;https:\/\/itop.hu\/wp-content\/uploads\/2024\/12\/augmented-reality-background-01@2x.png&#8221; custom_padding=&#8221;8vw|8vw|8vw|8vw|true|true&#8221; global_colors_info=&#8221;{%22gcid-143aa564-2dbe-4a69-aba4-6587f516793c%22:%91%22background_color_gradient_stops%22%93}&#8221;][et_pb_column type=&#8221;4_4&#8243; _builder_version=&#8221;4.22.1&#8243; _module_preset=&#8221;default&#8221; global_colors_info=&#8221;{}&#8221;][et_pb_text _builder_version=&#8221;4.27.4&#8243; _module_preset=&#8221;9c7fdc92-2e32-45da-9c58-e053a72d8274&#8243; header_2_text_color=&#8221;#FFFFFF&#8221; text_orientation=&#8221;center&#8221; global_colors_info=&#8221;{}&#8221;]<h2>\u00c9p\u00edtse vel\u00fcnk egy\u00fctt a j\u00f6v\u0151t! <\/h2>[\/et_pb_text][et_pb_button button_text=&#8221;aj\u00e1nlatot k\u00e9rek&#8221; button_alignment=&#8221;center&#8221; _builder_version=&#8221;4.27.4&#8243; _module_preset=&#8221;3e20d8af-8bba-4075-a960-8052a91c1dc0&#8243; button_text_color=&#8221;#FFFFFF&#8221; button_bg_color=&#8221;#8300E9&#8243; button_border_radius=&#8221;21px&#8221; hover_enabled=&#8221;0&#8243; global_colors_info=&#8221;{}&#8221; button_url=&#8221;https:\/\/itop.hu\/kapcsolat\/&#8221; sticky_enabled=&#8221;0&#8243;][\/et_pb_button][\/et_pb_column][\/et_pb_row][\/et_pb_section][et_pb_section fb_built=&#8221;1&#8243; admin_label=&#8221;Footer&#8221; _builder_version=&#8221;4.24.2&#8243; _module_preset=&#8221;default&#8221; background_color=&#8221;#000000&#8243; use_background_color_gradient=&#8221;on&#8221; background_color_gradient_stops=&#8221;#000000 10%|rgba(0,0,0,0.5) 50%|#000000 90%&#8221; background_color_gradient_overlays_image=&#8221;on&#8221; background_image=&#8221;https:\/\/itop.hu\/wp-content\/uploads\/2024\/12\/augmented-reality-2.jpg&#8221; background_enable_image=&#8221;off&#8221; custom_padding=&#8221;6vw||6vw||true|false&#8221; da_disable_devices=&#8221;off|off|off&#8221; saved_tabs=&#8221;all&#8221; collapsed=&#8221;on&#8221; global_colors_info=&#8221;{}&#8221; da_is_popup=&#8221;off&#8221; da_exit_intent=&#8221;off&#8221; da_has_close=&#8221;on&#8221; da_alt_close=&#8221;off&#8221; da_dark_close=&#8221;off&#8221; da_not_modal=&#8221;on&#8221; da_is_singular=&#8221;off&#8221; da_with_loader=&#8221;off&#8221; da_has_shadow=&#8221;on&#8221;][et_pb_row _builder_version=&#8221;4.24.2&#8243; _module_preset=&#8221;default&#8221; global_colors_info=&#8221;{}&#8221;][et_pb_column type=&#8221;4_4&#8243; _builder_version=&#8221;4.22.1&#8243; _module_preset=&#8221;default&#8221; global_colors_info=&#8221;{}&#8221;][et_pb_image src=&#8221;https:\/\/itop.hu\/wp-content\/uploads\/2024\/12\/logobluebackground.webp&#8221; title_text=&#8221;logobluebackground&#8221; _builder_version=&#8221;4.27.4&#8243; _module_preset=&#8221;default&#8221; max_height=&#8221;56px&#8221; global_colors_info=&#8221;{}&#8221;][\/et_pb_image][et_pb_text _builder_version=&#8221;4.27.4&#8243; _dynamic_attributes=&#8221;content&#8221; _module_preset=&#8221;04e8f7e0-75e2-4cb8-8554-9739c50a28cd&#8221; header_4_text_color=&#8221;#FFFFFF&#8221; locked=&#8221;off&#8221; global_colors_info=&#8221;{}&#8221;]@ET-DC@eyJkeW5hbWljIjp0cnVlLCJjb250ZW50IjoiY3VycmVudF9kYXRlIiwic2V0dGluZ3MiOnsiYmVmb3JlIjoiPGg0PkNvcHlyaWdodCAmY29weTsgIiwiYWZ0ZXIiOiIgSVRPUC5IVSBBbGwgUmlnaHRzIFJlc2VydmVkLjwvaDQ+IiwiZGF0ZV9mb3JtYXQiOiJjdXN0b20iLCJjdXN0b21fZGF0ZV9mb3JtYXQiOiJZIn19@[\/et_pb_text][\/et_pb_column][\/et_pb_row][\/et_pb_section]\n","protected":false},"excerpt":{"rendered":"<p>itop.huSZOLG\u00c1LTAT\u00c1SMENEDZSMENT&nbsp; IT szolg\u00e1ltat\u00e1smenedzsment kialak\u00edt\u00e1saNincsenek m\u00e9rhet\u0151 folyamataik \u00e9s szolg\u00e1ltat\u00e1saik? Szeretn\u00e9nek SLA-kat kialak\u00edtani az \u00fczlet fel\u00e9? Vagy az \u00fczlet szeretn\u00e9 az IT fel\u00e9? Nem m\u0171k\u00f6dik a helpdesk, incidenskezel\u00e9s \u00e9s probl\u00e9mamenedzsment? Nincs megfelel\u0151 szerz\u0151d\u00e9s \u00e9s sz\u00e1ll\u00edt\u00f3menedzsmentje? N\u00e1lunk j\u00f3 helyen j\u00e1r, mivel ezekben mind tudunk seg\u00edteni. T\u00f6bb \u00e9vtizedes banki \u00e9s nagyv\u00e1llalati tapasztalattal ezeket a tev\u00e9kenys\u00e9geket t\u00f6k\u00e9letes szinten \u0171zz\u00fck. Optimaliz\u00e1lja [&hellip;]<\/p>\n","protected":false},"author":1,"featured_media":0,"parent":0,"menu_order":0,"comment_status":"closed","ping_status":"closed","template":"","meta":{"_et_pb_use_builder":"on","_et_pb_old_content":"","_et_gb_content_width":"","footnotes":""},"class_list":["post-584","page","type-page","status-publish","hentry"],"yoast_head":"<!-- This site is optimized with the Yoast SEO plugin v27.5 - https:\/\/yoast.com\/product\/yoast-seo-wordpress\/ -->\n<title>Szolg\u00e1ltat\u00e1smenedzsment - itop<\/title>\n<meta name=\"description\" content=\"Optimaliz\u00e1lja IT folyamatait az ITOP szolg\u00e1ltat\u00e1smenedzsment megold\u00e1saival! Hat\u00e9kony incidenskezel\u00e9s, probl\u00e9mamegold\u00e1s \u00e9s v\u00e1ltoz\u00e1smenedzsment. N\u00f6velje az \u00fcgyf\u00e9l-el\u00e9gedetts\u00e9get \u00e9s a produktivit\u00e1st szak\u00e9rt\u0151ink seg\u00edts\u00e9g\u00e9vel!\" \/>\n<meta name=\"robots\" content=\"index, follow, max-snippet:-1, max-image-preview:large, max-video-preview:-1\" \/>\n<link rel=\"canonical\" href=\"https:\/\/itop.hu\/eng\/szolgaltatasmenedzsment\/\" \/>\n<meta property=\"og:locale\" content=\"en_GB\" \/>\n<meta property=\"og:type\" content=\"article\" \/>\n<meta property=\"og:title\" content=\"Szolg\u00e1ltat\u00e1smenedzsment - itop\" \/>\n<meta property=\"og:description\" content=\"Optimaliz\u00e1lja IT folyamatait az ITOP szolg\u00e1ltat\u00e1smenedzsment megold\u00e1saival! Hat\u00e9kony incidenskezel\u00e9s, probl\u00e9mamegold\u00e1s \u00e9s v\u00e1ltoz\u00e1smenedzsment. N\u00f6velje az \u00fcgyf\u00e9l-el\u00e9gedetts\u00e9get \u00e9s a produktivit\u00e1st szak\u00e9rt\u0151ink seg\u00edts\u00e9g\u00e9vel!\" \/>\n<meta property=\"og:url\" content=\"https:\/\/itop.hu\/eng\/szolgaltatasmenedzsment\/\" \/>\n<meta property=\"og:site_name\" content=\"itop\" \/>\n<meta property=\"article:publisher\" content=\"https:\/\/www.facebook.com\/profile.php?id=61560571456979\" \/>\n<meta property=\"article:modified_time\" content=\"2024-12-22T10:52:41+00:00\" \/>\n<meta property=\"og:image\" content=\"https:\/\/itop.hu\/wp-content\/uploads\/2024\/02\/logoitop.png\" \/>\n\t<meta property=\"og:image:width\" content=\"144\" \/>\n\t<meta property=\"og:image:height\" content=\"71\" \/>\n\t<meta property=\"og:image:type\" content=\"image\/png\" \/>\n<meta name=\"twitter:card\" content=\"summary_large_image\" \/>\n<meta name=\"twitter:label1\" content=\"Estimated reading time\" \/>\n\t<meta name=\"twitter:data1\" content=\"2 minutes\" \/>\n<script type=\"application\/ld+json\" class=\"yoast-schema-graph\">{\"@context\":\"https:\\\/\\\/schema.org\",\"@graph\":[{\"@type\":\"WebPage\",\"@id\":\"https:\\\/\\\/itop.hu\\\/szolgaltatasmenedzsment\\\/\",\"url\":\"https:\\\/\\\/itop.hu\\\/szolgaltatasmenedzsment\\\/\",\"name\":\"Szolg\u00e1ltat\u00e1smenedzsment - itop\",\"isPartOf\":{\"@id\":\"https:\\\/\\\/itop.hu\\\/#website\"},\"datePublished\":\"2024-12-16T12:35:27+00:00\",\"dateModified\":\"2024-12-22T10:52:41+00:00\",\"description\":\"Optimaliz\u00e1lja IT folyamatait az ITOP szolg\u00e1ltat\u00e1smenedzsment megold\u00e1saival! Hat\u00e9kony incidenskezel\u00e9s, probl\u00e9mamegold\u00e1s \u00e9s v\u00e1ltoz\u00e1smenedzsment. N\u00f6velje az \u00fcgyf\u00e9l-el\u00e9gedetts\u00e9get \u00e9s a produktivit\u00e1st szak\u00e9rt\u0151ink seg\u00edts\u00e9g\u00e9vel!\",\"breadcrumb\":{\"@id\":\"https:\\\/\\\/itop.hu\\\/szolgaltatasmenedzsment\\\/#breadcrumb\"},\"inLanguage\":\"en-GB\",\"potentialAction\":[{\"@type\":\"ReadAction\",\"target\":[\"https:\\\/\\\/itop.hu\\\/szolgaltatasmenedzsment\\\/\"]}]},{\"@type\":\"BreadcrumbList\",\"@id\":\"https:\\\/\\\/itop.hu\\\/szolgaltatasmenedzsment\\\/#breadcrumb\",\"itemListElement\":[{\"@type\":\"ListItem\",\"position\":1,\"name\":\"Kezd\u0151lap\",\"item\":\"https:\\\/\\\/itop.hu\\\/\"},{\"@type\":\"ListItem\",\"position\":2,\"name\":\"Szolg\u00e1ltat\u00e1smenedzsment\"}]},{\"@type\":\"WebSite\",\"@id\":\"https:\\\/\\\/itop.hu\\\/#website\",\"url\":\"https:\\\/\\\/itop.hu\\\/\",\"name\":\"itop\",\"description\":\"Ha nyugodtan akar haj\u00f3zni, b\u00edzza r\u00e1nk az \u00fczemeltet\u00e9st!\",\"publisher\":{\"@id\":\"https:\\\/\\\/itop.hu\\\/#organization\"},\"potentialAction\":[{\"@type\":\"SearchAction\",\"target\":{\"@type\":\"EntryPoint\",\"urlTemplate\":\"https:\\\/\\\/itop.hu\\\/?s={search_term_string}\"},\"query-input\":{\"@type\":\"PropertyValueSpecification\",\"valueRequired\":true,\"valueName\":\"search_term_string\"}}],\"inLanguage\":\"en-GB\"},{\"@type\":\"Organization\",\"@id\":\"https:\\\/\\\/itop.hu\\\/#organization\",\"name\":\"itop - A legjobb ITSM megold\u00e1s a piacon! - CMDB - \u00fczemeltet\u00e9s - kiberbiztons\u00e1g\",\"url\":\"https:\\\/\\\/itop.hu\\\/\",\"logo\":{\"@type\":\"ImageObject\",\"inLanguage\":\"en-GB\",\"@id\":\"https:\\\/\\\/itop.hu\\\/#\\\/schema\\\/logo\\\/image\\\/\",\"url\":\"https:\\\/\\\/itop.hu\\\/wp-content\\\/uploads\\\/2024\\\/02\\\/logoitop.png\",\"contentUrl\":\"https:\\\/\\\/itop.hu\\\/wp-content\\\/uploads\\\/2024\\\/02\\\/logoitop.png\",\"width\":144,\"height\":71,\"caption\":\"itop - A legjobb ITSM megold\u00e1s a piacon! - CMDB - \u00fczemeltet\u00e9s - kiberbiztons\u00e1g\"},\"image\":{\"@id\":\"https:\\\/\\\/itop.hu\\\/#\\\/schema\\\/logo\\\/image\\\/\"},\"sameAs\":[\"https:\\\/\\\/www.facebook.com\\\/profile.php?id=61560571456979\"]}]}<\/script>\n<!-- \/ Yoast SEO plugin. -->","yoast_head_json":{"title":"Szolg\u00e1ltat\u00e1smenedzsment - itop","description":"Optimaliz\u00e1lja IT folyamatait az ITOP szolg\u00e1ltat\u00e1smenedzsment megold\u00e1saival! Hat\u00e9kony incidenskezel\u00e9s, probl\u00e9mamegold\u00e1s \u00e9s v\u00e1ltoz\u00e1smenedzsment. N\u00f6velje az \u00fcgyf\u00e9l-el\u00e9gedetts\u00e9get \u00e9s a produktivit\u00e1st szak\u00e9rt\u0151ink seg\u00edts\u00e9g\u00e9vel!","robots":{"index":"index","follow":"follow","max-snippet":"max-snippet:-1","max-image-preview":"max-image-preview:large","max-video-preview":"max-video-preview:-1"},"canonical":"https:\/\/itop.hu\/eng\/szolgaltatasmenedzsment\/","og_locale":"en_GB","og_type":"article","og_title":"Szolg\u00e1ltat\u00e1smenedzsment - itop","og_description":"Optimaliz\u00e1lja IT folyamatait az ITOP szolg\u00e1ltat\u00e1smenedzsment megold\u00e1saival! Hat\u00e9kony incidenskezel\u00e9s, probl\u00e9mamegold\u00e1s \u00e9s v\u00e1ltoz\u00e1smenedzsment. N\u00f6velje az \u00fcgyf\u00e9l-el\u00e9gedetts\u00e9get \u00e9s a produktivit\u00e1st szak\u00e9rt\u0151ink seg\u00edts\u00e9g\u00e9vel!","og_url":"https:\/\/itop.hu\/eng\/szolgaltatasmenedzsment\/","og_site_name":"itop","article_publisher":"https:\/\/www.facebook.com\/profile.php?id=61560571456979","article_modified_time":"2024-12-22T10:52:41+00:00","og_image":[{"width":144,"height":71,"url":"https:\/\/itop.hu\/wp-content\/uploads\/2024\/02\/logoitop.png","type":"image\/png"}],"twitter_card":"summary_large_image","twitter_misc":{"Estimated reading time":"2 minutes"},"schema":{"@context":"https:\/\/schema.org","@graph":[{"@type":"WebPage","@id":"https:\/\/itop.hu\/szolgaltatasmenedzsment\/","url":"https:\/\/itop.hu\/szolgaltatasmenedzsment\/","name":"Szolg\u00e1ltat\u00e1smenedzsment - itop","isPartOf":{"@id":"https:\/\/itop.hu\/#website"},"datePublished":"2024-12-16T12:35:27+00:00","dateModified":"2024-12-22T10:52:41+00:00","description":"Optimaliz\u00e1lja IT folyamatait az ITOP szolg\u00e1ltat\u00e1smenedzsment megold\u00e1saival! Hat\u00e9kony incidenskezel\u00e9s, probl\u00e9mamegold\u00e1s \u00e9s v\u00e1ltoz\u00e1smenedzsment. N\u00f6velje az \u00fcgyf\u00e9l-el\u00e9gedetts\u00e9get \u00e9s a produktivit\u00e1st szak\u00e9rt\u0151ink seg\u00edts\u00e9g\u00e9vel!","breadcrumb":{"@id":"https:\/\/itop.hu\/szolgaltatasmenedzsment\/#breadcrumb"},"inLanguage":"en-GB","potentialAction":[{"@type":"ReadAction","target":["https:\/\/itop.hu\/szolgaltatasmenedzsment\/"]}]},{"@type":"BreadcrumbList","@id":"https:\/\/itop.hu\/szolgaltatasmenedzsment\/#breadcrumb","itemListElement":[{"@type":"ListItem","position":1,"name":"Kezd\u0151lap","item":"https:\/\/itop.hu\/"},{"@type":"ListItem","position":2,"name":"Szolg\u00e1ltat\u00e1smenedzsment"}]},{"@type":"WebSite","@id":"https:\/\/itop.hu\/#website","url":"https:\/\/itop.hu\/","name":"ITOP","description":"Ha nyugodtan akar haj\u00f3zni, b\u00edzza r\u00e1nk az \u00fczemeltet\u00e9st!","publisher":{"@id":"https:\/\/itop.hu\/#organization"},"potentialAction":[{"@type":"SearchAction","target":{"@type":"EntryPoint","urlTemplate":"https:\/\/itop.hu\/?s={search_term_string}"},"query-input":{"@type":"PropertyValueSpecification","valueRequired":true,"valueName":"search_term_string"}}],"inLanguage":"en-GB"},{"@type":"Organization","@id":"https:\/\/itop.hu\/#organization","name":"itop - A legjobb ITSM megold\u00e1s a piacon! - CMDB - \u00fczemeltet\u00e9s - kiberbiztons\u00e1g","url":"https:\/\/itop.hu\/","logo":{"@type":"ImageObject","inLanguage":"en-GB","@id":"https:\/\/itop.hu\/#\/schema\/logo\/image\/","url":"https:\/\/itop.hu\/wp-content\/uploads\/2024\/02\/logoitop.png","contentUrl":"https:\/\/itop.hu\/wp-content\/uploads\/2024\/02\/logoitop.png","width":144,"height":71,"caption":"itop - A legjobb ITSM megold\u00e1s a piacon! - CMDB - \u00fczemeltet\u00e9s - kiberbiztons\u00e1g"},"image":{"@id":"https:\/\/itop.hu\/#\/schema\/logo\/image\/"},"sameAs":["https:\/\/www.facebook.com\/profile.php?id=61560571456979"]}]}},"_links":{"self":[{"href":"https:\/\/itop.hu\/eng\/wp-json\/wp\/v2\/pages\/584","targetHints":{"allow":["GET"]}}],"collection":[{"href":"https:\/\/itop.hu\/eng\/wp-json\/wp\/v2\/pages"}],"about":[{"href":"https:\/\/itop.hu\/eng\/wp-json\/wp\/v2\/types\/page"}],"author":[{"embeddable":true,"href":"https:\/\/itop.hu\/eng\/wp-json\/wp\/v2\/users\/1"}],"replies":[{"embeddable":true,"href":"https:\/\/itop.hu\/eng\/wp-json\/wp\/v2\/comments?post=584"}],"version-history":[{"count":5,"href":"https:\/\/itop.hu\/eng\/wp-json\/wp\/v2\/pages\/584\/revisions"}],"predecessor-version":[{"id":1069,"href":"https:\/\/itop.hu\/eng\/wp-json\/wp\/v2\/pages\/584\/revisions\/1069"}],"wp:attachment":[{"href":"https:\/\/itop.hu\/eng\/wp-json\/wp\/v2\/media?parent=584"}],"curies":[{"name":"wp","href":"https:\/\/api.w.org\/{rel}","templated":true}]}}